iple of 6?
False
Does 25 divide 1139?
False
Is 120872 a multiple of 162?
False
Is 7 a factor of 68?
False
Is 16 a factor of 240?
True
Is 93 a multiple of 2?
False
Does 3 divide 5726?
False
Does 25 divide 2725?
True
Is 65 a factor of 910?
True
Is 315 a multiple of 21?
True
Is 10 a factor of 260?
True
Does 8 divide 341?
False
Does 90 divide 6210?
True
Is 27 a factor of 3317?
False
Is 153 a factor of 2648?
False
Is 161 a factor of 3719?
False
Does 75 divide 1950?
True
Is 784 a multiple of 30?
False
Is 23840 a multiple of 202?
False
Does 13 divide 2210?
True
Does 13 divide 4251?
True
Is 3 a factor of 1045?
False
Is 3 a factor of 48?
True
Is 68 a factor of 4148?
True
Is 352 a multiple of 44?
True
Is 2054 a multiple of 21?
False
Is 19964 a multiple of 161?
True
Is 16 a factor of 17000?
False
Is 6 a factor of 59?
False
Is 131 a factor of 49054?
False
Is 47 a factor of 141?
True
Is 20 a factor of 1420?
True
Does 57 divide 855?
True
Is 148 a factor of 1628?
True
Is 86 a factor of 12040?
True
Is 15 a factor of 300?
True
Is 2176 a multiple of 53?
False
Does 5 divide 370?
True
Is 7558 a multiple of 48?
False
Is 5 a factor of 3642?
False
Is 85 a factor of 15180?
False
Does 94 divide 3634?
False
Does 174 divide 16704?
True
Is 19 a factor of 15181?
True
Does 8 divide 2592?
True
Is 1706 a multiple of 11?
False
Does 34 divide 1357?
False
Is 34 a factor of 7772?
False
Does 133 divide 10906?
True
Is 10 a factor of 770?
True
Is 71 a factor of 16827?
True
Is 816 a multiple of 11?
False
Is 28 a factor of 5852?
True
Does 14 divide 1603?
False
Is 6 a factor of 336?
True
Is 85 a factor of 5457?
False
Is 7875 a multiple of 75?
True
Is 78 a factor of 54020?
False
Is 266 a multiple of 6?
False
Does 44 divide 10730?
False
Is 43 a factor of 1779?
False
Is 71 a multiple of 3?
False
Is 7018 a multiple of 121?
True
Is 168 a factor of 2821?
False
Does 19 divide 4731?
True
Does 37 divide 7945?
False
Is 14 a factor of 83?
False
Is 30 a factor of 3510?
True
Does 62 divide 2604?
True
Is 122023 a multiple of 49?
False
Is 1653 a multiple of 57?
True
Is 3805 a multiple of 46?
False
Is 25 a factor of 850?
True
Does 5 divide 328?
False
Is 340 a multiple of 5?
True
Is 37937 a multiple of 197?
False
Is 1344 a multiple of 16?
True
Is 1126 a multiple of 46?
False
Does 9 divide 10155?
False
Is 21 a factor of 671?
False
Is 13 a factor of 35236?
False
Is 116 a factor of 21622?
False
Does 56 divide 31136?
True
Does 3 divide 64?
False
Is 19 a factor of 25327?
True
Is 4 a factor of 39813?
False
Is 15 a factor of 601?
False
Is 2226 a multiple of 28?
False
Is 11378 a multiple of 15?
False
Is 12 a factor of 6633?
False
Is 158 a factor of 7902?
False
Is 320 a multiple of 8?
True
Does 158 divide 29072?
True
Is 2537 a multiple of 59?
True
Does 25 divide 297?
False
Is 506 a multiple of 46?
True
Is 37318 a multiple of 8?
False
Is 9 even?
False
Does 26 divide 6730?
False
Does 36 divide 108?
True
Is 306 a multiple of 78?
False
Does 38 divide 9690?
True
Does 101 divide 303?
True
Is 26730 a multiple of 81?
True
Is 3 a factor of 6450?
True
Does 6 divide 750?
True
Does 44 divide 517?
False
Is 47 a factor of 247?
False
Is 30 a factor of 270?
True
Is 45 a factor of 585?
True
Is 17 a factor of 731?
True
Is 11 a factor of 2123?
True
Does 260 divide 65511?
False
Is 35 a factor of 884?
False
Does 63 divide 1953?
True
Is 23585 a multiple of 53?
True
Is 24 a factor of 16272?
True
Is 16 a factor of 5889?
False
Is 138 a factor of 828?
True
Is 3214 a multiple of 71?
False
Is 21 a factor of 110811?
False
Does 13 divide 26949?
True
Does 66 divide 594?
True
Is 10744 a multiple of 15?
False
Is 42 a factor of 2268?
True
Is 9 a factor of 966?
False
Does 22 divide 18337?
False
Is 7 a factor of 826?
True
Is 30 a factor of 180?
True
Is 162 a factor of 8917?
False
Does 180 divide 12208?
False
Is 3206 a multiple of 4?
False
Is 24622 a multiple of 17?
False
Is 66 a factor of 44682?
True
Is 14 a factor of 588?
True
Is 13622 a multiple of 49?
True
Is 56616 a multiple of 8?
True
Does 11 divide 33?
True
Is 7 a factor of 490?
True
Is 2373 a multiple of 44?
False
Is 22997 a multiple of 8?
False
Is 568 even?
True
Is 12136 a multiple of 82?
True
Does 27 divide 78759?
True
Does 7 divide 12586?
True
Is 159 a factor of 2067?
True
Does 83 divide 29299?
True
Is 181 a factor of 24435?
True
Is 47 a factor of 1677?
False
Is 6 a factor of 80?
False
Is 13 a factor of 10140?
True
Does 25 divide 14400?
True
Is 20843 a multiple of 10?
False
Does 157 divide 7379?
True
Is 7920 a multiple of 24?
True
Does 53 divide 30687?
True
Is 73 a multiple of 12?
False
Is 271 a multiple of 13?
False
Is 10 a factor of 7820?
True
Is 77 a factor of 3850?
True
Is 17 a factor of 18083?
False
Does 6 divide 1326?
True
Is 28693 a multiple of 40?
False
Is 12 a factor of 4502?
False
Does 9 divide 230?
False
Is 69040 a multiple of 16?
True
Does 48 divide 18960?
True
Is 8500 a multiple of 20?
True
Is 18 a factor of 34506?
True
Is 3023 a multiple of 19?
False
Does 16 divide 4942?
False
Is 5602 a multiple of 19?
False
Is 5142 a multiple of 4?
False
Does 5 divide 138?
False
Is 15 a factor of 6615?
True
Is 35728 a multiple of 44?
True
Is 5 a factor of 25?
True
Does 15 divide 463?
False
Does 7 divide 821?
False
Does 26 divide 1482?
True
Is 5518 a multiple of 31?
True
Is 17335 even?
False
Is 572 a multiple of 5?
False
Is 52 a factor of 2028?
True
Is 2 a factor of 439?
False
Is 66 a factor of 1588?
False
Does 49 divide 8085?
True
Is 9 a factor of 5789?
False
Is 11506 a multiple of 22?
True
Is 154 a multiple of 32?
False
Is 4205 a multiple of 16?
False
Is 1107 a multiple of 56?
False
Is 71515 a multiple of 5?
True
Is 26 a factor of 338?
True
Does 62 divide 4149?
False
Is 8859 a multiple of 17?
False
Is 48 a factor of 1196?
False
Does 36 divide 7848?
True
Is 22 even?
True
Does 51 divide 1530?
True
Is 118 a factor of 9923?
False
Does 14 divide 307?
False
Does 10 divide 9230?
True
Is 6 a factor of 2250?
True
Is 29 a factor of 11514?
False
Is 10544 a multiple of 28?
False
Does 144 divide 2592?
True
Is 526 a multiple of 20?
False
Is 27 a factor of 7857?
True
Does 56 divide 40712?
True
Is 172 a multiple of 13?
False
Does 21 divide 114?
False
Is 40 a multiple of 5?
True
Is 811 a multiple of 121?
False
Is 67 a factor of 11591?
True
Is 13248 a multiple of 48?
True
Does 67 divide 1087?
False
Is 10887 a multiple of 19?
True
Does 18 divide 3870?
True
Is 551 a multiple of 29?
True
Is 22780 a multiple of 67?
True
Is 3575 a multiple of 6?
False
Does 180 divide 38130?
False
Is 41 a factor of 22425?
False
Does 14 divide 401?
False
Does 71 divide 5931?
False
Does 79 divide 5294?
False
Does 6 divide 1580?
False
Does 6 divide 5061?
False
Is 1085 a multiple of 9?
False
Is 2343 a multiple of 11?
True
Does 28 divide 5011?
False
Does 22 divide 14630?
True
Is 125 a multiple of 25?
True
Is 2 a factor of 57?
False
Is 25 a factor of 412?
False
Is 320 a multiple of 8?
True
Is 772 even?
True
Is 8 a factor of 871?
False
Does 69 divide 11730?
True
Is 20 a factor of 15400?
True
Does 255 divide 17370?
False
Is 17 a factor of 986?
True
Is 110 a multiple of 5?
True
Is 159 a factor of 2703?
True
Is 11 a factor of 30833?
True
Does 25 divide 3306?
False
Is 734 a multiple of 12?
False
Is 1263 a multiple of 25?
False
Is 240 a multiple of 10?
True
Does 38 divide 3306?
True
Does 56 divide 2128?
True
Is 208 a multiple of 14?
False
Is 104 a multiple of 52?
True
Does 59 divide 1743?
False
Is 18 a factor of 612?
True
Is 308 a multiple of 51?
False
Is 910 a multiple of 26?
True
Is 3 a factor of 2262?
True
Is 897 a multiple of 13?
True
Is 17 a factor of 358?
False
Is 32 a multiple of 32?
True
Does 24 divide 2256?
True
Is 455 a multiple of 13?
True
Does 33 divide 690?
False
Is 352 a multiple of 32?
True
Does 7 divide 1120?
True
Is 15 a factor of 104775?
True
Does 69 divide 6818?
False
Is 77 a factor of 9405?
False
Is 74 a factor of 8968?
False
Is 118 a factor of 9204?
True
Is 32376 a multiple of 196?
False
Does 7 divide 27183?
False
Is 1280 a multiple of 32?
True
Is 1140 even?
True
Does 27 divide 567?
True
Is 9 a factor of 120?
False
Is 6422 a multiple of 38?
True
Is 164 a factor of 19824?
False
Is 1242 a multiple of 207?
True
Is 5542 a multiple of 33?
False
Is 17544 a multiple of 129?
True
Is 3399 a multiple of 26?
False
Is 5 a fa